s of 732657.
3, 244219
What are the prime factors of 3780516?
2, 3, 311, 1013
What are the prime factors of 235777?
137, 1721
List the prime factors of 1087692.
2, 3, 90641
What are the prime factors of 1889898?
2, 3, 314983
What are the prime factors of 1677932?
2, 419483
List the prime factors of 517796.
2, 129449
List the prime factors of 709948.
2, 177487
What are the prime factors of 5629513?
37, 233, 653
List the prime factors of 787829.
7, 241, 467
What are the prime factors of 17235814?
2, 31, 103, 2699
List the prime factors of 3249642.
2, 3, 11, 53, 929
What are the prime factors of 2967536?
2, 11, 13, 1297
List the prime factors of 150080.
2, 5, 7, 67
What are the prime factors of 13150091?
13150091
List the prime factors of 13423678.
2, 73, 91943
What are the prime factors of 10189882?
2, 43, 47, 2521
List the prime factors of 35076474.
2, 3, 17, 79, 1451
What are the prime factors of 3151591?
257, 12263
List the prime factors of 2981126.
2, 739, 2017
List the prime factors of 22675205.
5, 7, 97, 6679
List the prime factors of 2300217.
3, 766739
What are the prime factors of 616151?
19, 32429
List the prime factors of 2832253.
31, 211, 433
What are the prime factors of 2793703?
11, 19, 13367
What are the prime factors of 5321117?
2081, 2557
List the prime factors of 28383523.
7, 17, 137, 1741
What are the prime factors of 155152?
2, 9697
What are the prime factors of 28212553?
131, 283, 761
List the prime factors of 2638313.
223, 11831
What are the prime factors of 1243220?
2, 5, 11, 5651
List the prime factors of 1158348.
2, 3, 83, 1163
What are the prime factors of 3549446?
2, 1774723
List the prime factors of 251022.
2, 3, 17, 23, 107
List the prime factors of 7414315.
5, 1482863
What are the prime factors of 646321?
13, 83, 599
What are the prime factors of 311460?
2, 3, 5, 29, 179
List the prime factors of 120596.
2, 7, 59, 73
List the prime factors of 984320.
2, 5, 769
List the prime factors of 9520168.
2, 7, 170003
List the prime factors of 3084103.
11, 280373
What are the prime factors of 39026163?
3, 11, 1182611
List the prime factors of 2156243.
137, 15739
List the prime factors of 3325729.
11, 463, 653
What are the prime factors of 2966951?
13, 241, 947
List the prime factors of 30755858.
2, 7, 331, 6637
List the prime factors of 187503.
3, 62501
List the prime factors of 703833.
3, 13, 18047
List the prime factors of 4717068.
2, 3, 67, 5867
What are the prime factors of 2567902?
2, 163, 7877
What are the prime factors of 315110?
2, 5, 31511
What are the prime factors of 269230?
2, 5, 13, 19, 109
What are the prime factors of 998284?
2, 7, 101, 353
What are the prime factors of 65726?
2, 59, 557
List the prime factors of 25580.
2, 5, 1279
List the prime factors of 12376391.
17, 19, 38317
List the prime factors of 2234846.
2, 311, 3593
What are the prime factors of 3065209?
7, 313, 1399
List the prime factors of 18325396.
2, 43, 106543
List the prime factors of 1040440.
2, 5, 19, 37
List the prime factors of 25694124.
2, 3, 107, 20011
What are the prime factors of 67522?
2, 7, 13, 53
List the prime factors of 1100475.
3, 5, 67, 73
What are the prime factors of 945629?
945629
List the prime factors of 1547.
7, 13, 17
What are the prime factors of 587268?
2, 3, 11, 1483
What are the prime factors of 3216?
2, 3, 67
List the prime factors of 2178422.
2, 23, 29, 71
What are the prime factors of 16919046?
2, 3, 17, 55291
List the prime factors of 2550451.
223, 11437
What are the prime factors of 2315374?
2, 401, 2887
List the prime factors of 13822.
2, 6911
List the prime factors of 1847464.
2, 230933
List the prime factors of 13204443.
3, 7, 628783
List the prime factors of 13208282.
2, 29, 227729
List the prime factors of 16610226.
2, 3, 2768371
What are the prime factors of 2408628?
2, 3, 17, 11807
What are the prime factors of 1112823?
3, 61, 2027
What are the prime factors of 182386?
2, 91193
List the prime factors of 1556294.
2, 37, 21031
List the prime factors of 31218034.
2, 15609017
What are the prime factors of 8015007?
3, 7, 11, 13, 17, 157
List the prime factors of 274626.
2, 3, 11, 19, 73
List the prime factors of 1461413.
1461413
What are the prime factors of 138932?
2, 47, 739
What are the prime factors of 1668248?
2, 151, 1381
What are the prime factors of 939801?
3, 313267
List the prime factors of 189852.
2, 3, 13, 1217
What are the prime factors of 3436639?
3436639
What are the prime factors of 2676259?
17, 157427
What are the prime factors of 267733?
17, 15749
What are the prime factors of 538324?
2, 134581
List the prime factors of 10669579.
37, 457, 631
List the prime factors of 1708875.
3, 5, 7, 31
What are the prime factors of 355974?
2, 3, 79, 751
List the prime factors of 7995896.
2, 107, 9341
List the prime factors of 465270.
2, 3, 5, 13, 1193
List the prime factors of 346633.
7, 23, 2153
List the prime factors of 1162134.
2, 3, 21521
List the prime factors of 162245.
5, 37, 877
List the prime factors of 502934.
2, 251467
What are the prime factors of 500054?
2, 250027
List the prime factors of 320319.
3, 35591
What are the prime factors of 1343768?
2, 167971
List the prime factors of 9995066.
2, 4997533
What are the prime factors of 415340?
2, 5, 19, 1093
What are the prime factors of 7578415?
5, 13, 31, 3761
List the prime factors of 919734.
2, 3, 17, 71, 127
What are the prime factors of 11483792?
2, 47, 15271
List the prime factors of 9195220.
2, 5, 31, 14831
List the prime factors of 676368.
2, 3, 7, 11, 61
What are the prime factors of 800896?
2, 6257
What are the prime factors of 3288406?
2, 11, 19, 7867
What are the prime factors of 2783042?
2, 1391521
What are the prime factors of 53042?
2, 11, 2411
What are the prime factors of 2678409?
3, 297601
What are the prime factors of 264583?
11, 67, 359
What are the prime factors of 1722443?
1722443
List the prime factors of 1030853.
563, 1831
What are the prime factors of 3004260?
2, 3, 5, 7, 23, 311
List the prime factors of 3343000.
2, 5, 3343
What are the prime factors of 3386326?
2, 151, 11213
List the prime factors of 13152357.
3, 941, 1553
List the prime factors of 827921.
29, 28549
List the prime factors of 103678.
2, 51839
List the prime factors of 485804.
2, 11, 61, 181
What are the prime factors of 631619?
631619
List the prime factors of 4375.
5, 7
List the prime factors of 2863537.
53, 97, 557
What are the prime factors of 8313389?
7, 169661
What are the prime factors of 628228?
2, 157057
List the prime factors of 4183510.
2, 5, 418351
List the prime factors of 289786.
2, 7, 2957
List the prime factors of 5084013.
3, 11, 154061
What are the prime factors of 5104459?
23, 41, 5413
List the prime factors of 82398.
2, 3, 31, 443
List the prime factors of 5685009.
3, 11, 19, 9067
List the prime factors of 221012.
2, 11, 5023
List the prime factors of 7781497.
199, 39103
List the prime factors of 5067949.
167, 30347
What are the prime factors of 6158418?
2, 3, 7, 20947
What are the prime factors of 3931730?
2, 5, 11, 31, 1153
List the prime factors of 2001757.
53, 179, 211
What are the prime factors of 720906?
2, 3, 53, 2267
What are the prime factors of 14314905?
3, 5, 11, 239
List the prime factors of 1327183.
11, 13, 9281
What are the prime factors of 7789621?
7, 17, 67, 977
What are the prime factors of 73299?
3, 53, 461
List the prime factors of 5990573.
47, 197, 647
List the prime factors of 13942230.
2, 3, 5, 464741
List the prime factors of 13556376.
2, 3, 62761
What are the prime factors of 3100726?
2, 1550363
What are the prime factors of 209774?
2, 53, 1979
List the prime factors of 2464436.
2, 13, 83, 571
List the prime factors of 7309115.
5, 11, 132893
What are the prime factors of 246310?
2, 5, 24631
List the prime factors of 3600273.
3, 131, 9161
What are the prime factors of 165210?
2, 3, 5, 5507
List the prime factors of 254181.
3, 193, 439
What are the prime factors of 3444093?
3, 199, 641
List the prime factors of 3031003.
37, 81919
List the prime factors of 38420193.
3, 7, 1829533
What are the prime factors of 14669936?
2, 916871
List the prime factors of 1825261.
1825261
What are the prime factors of 318583?
53, 6011
What are the prime factors of 23688899?
13, 140171
List the prime factors of 294199.
294199
List the 